ne x(4).
-7
Let c(d) = 2*d**2 - 45*d - 443. Let b be c(30). Let k(g) = g**3 - 6*g**2 - 4*g - 23. Determine k(b).
-2
Let w(b) = -5*b**2 + 2*b. Suppose -73 = -150*l + 77*l. What is w(l)?
-3
Let p(b) be the first derivative of -b**4/4 - 10*b**3/3 - 13*b**2/2 + 20*b - 490. What is p(-8)?
-4
Let o(d) = -13*d**2 + 2*d + 3. Let k(w) = -w**3 + 5*w**2 - 4*w - 8. Let g be k(3). Determine o(g).
-53
Suppose -u - 336 = 8*u + 7*u. Let t(o) = -o**3 - 20*o**2 + 20*o + 8. Determine t(u).
29
Suppose 59*f - 85 = -439. Let b(y) be the third derivative of y**6/120 + y**5/10 - y**4/24 + y**3/6 + 8*y**2. What is b(f)?
7
Let m(q) be the third derivative of -37*q**4/8 + 113*q**3/3 + 61*q**2 + 6*q. Give m(2).
4
Suppose 0 = -4*b - 3*l - 2*l + 16, b - 5*l = 4. Let n(f) = 3*f**2 + 16*f - 20. Let m(u) = 2*u**2 + 9*u - 11. Let h(w) = 5*m(w) - 3*n(w). Give h(b).
9
Let u(f) = f**3 - 7*f**2 - 9*f + 4. Let p be u(8). Let v(n) = -209*n + 9. Let q(d) = 1004*d - 44. Let h(j) = -5*q(j) - 24*v(j). Calculate h(p).
20
Let v(l) = 4*l**2 + 4*l - 1. Let f(j) = j + 12. Let h be f(-7). Suppose -h*z = 10 + 5. Determine v(z).
23
Let r(l) = -165*l + 3. Let t be r(-1). Let k be (-8)/6*-15 + 5 + -2. Suppose 2*y - k*y = t. Let a(x) = -x - 9. Calculate a(y).
-1
Let w(l) be the third derivative of l**6/120 - l**5/6 + 5*l**3/3 + 2*l**2. Let h = -212275 + 212285. Give w(h).
10
Let c(s) = -1 + 6*s - 3*s + 9. Suppose -12*n - 26 = 3*n + 79. Calculate c(n).
-13
Let y(q) = -4*q**3 + 5*q**2 - 2*q - 4. Let a be ((-483)/105)/23*-1*15. Give y(a).
-73
Suppose -261 + 81 = -30*w. Let b(v) = -5*v**2 - 2*v + v**3 + 5 - 5*v + v. Determine b(w).
5
Let v(i) be the first derivative of -2*i**3 - 3*i**2/2 + 13*i - 9. Let b(y) be the first derivative of v(y). What is b(-2)?
21
Let x(z) be the second derivative of z**5/20 + z**4/3 - 5*z**3/6 - 7*z**2/2 - 6*z. Suppose 2*b = -4*n - 20, 8*b - 5 = n + 6*b. Give x(n).
-7
Let z(a) = 80 - 147 - 7*a + 13*a + 71. Give z(-7).
-38
Let u = -3251 - -3238. Let n(f) = -13*f - 163. Give n(u).
6
Let v be 560/272 + 3/(-51). Let x(s) be the second derivative of -s**v - 7/6*s**3 + s + 0. Calculate x(-2).
12
Suppose 5*w - 27 = 23. Let r(a) = 9*a - w*a + 8 + 14*a - 3*a - 7*a. Determine r(-4).
-4
Let w(y) = -780 + 1654 - 871 + y. Let q = -6 + -1. Give w(q).
-4
Let y(d) = 3*d - 1. Suppose -3*u = 3*m - 351, -3*m - 5*u + 354 = -3*u. Suppose -103*w + 68 = -m*w. Determine y(w).
-13
Let t(l) = l + 1. Let h be (2 - 2)/(-2) - -2 - 2. Suppose 3*g + b = 1 - 54, h = -g + 2*b - 20. Let x(c) = -5*c - 4. Let y(u) = g*t(u) - 4*x(u). Calculate y(-4).
-10
Let z be ((-2)/4)/((-11)/22). Suppose 10 = 9*h - 4*h. Let d(q) = -1 - 9*q + q + h. What is d(z)?
-7
Let y(m) = 8*m**2 - 322*m - 192. Let d(i) = -12*i**2 + 482*i + 289. Let w(b) = 5*d(b) + 8*y(b). Give w(42).
-7
Suppose -8*y - 19 = 5. Let x(l) = l**3 + l**2 + 2. Let t(r) = -4*r**3 - 13*r**2 - 9*r. Let i(o) = y*x(o) - t(o). What is i(-9)?
-6
Let u be ((-38)/(-114))/(1/(-12)). Let b be u*(-3)/4 - 12/4. Let p(g) = g**2 + g + 5. Determine p(b).
5
Let m = -16 - -19. Suppose 10*g = 39 - 29. Let d(f) = 5*f + m*f**2 - 10*f**2 + 8*f**2 - g. What is d(-5)?
-1
Let s(d) = d**2 - 13*d - 18. Let q(o) = 2*o**2 - 13*o - 18. Let k(r) = 2*q(r) - 3*s(r). What is k(-11)?
-4
Let y(x) = -3248*x**2 + 0*x + 3281*x**2 - 3*x + 6 + 9*x. Calculate y(-2).
126
Let w(b) = -b**3 - 10*b**2 + 11*b + 2. Suppose h - 135 = -5*s, 4*h + s + 4*s = 480. Suppose 0 = -58*x + 53*x - h. Let q = 12 + x. Calculate w(q).
2
Suppose -j = -4*c, -4*c + j = 4*j - 16. Let p(i) be the third derivative of 17*i**6/120 + i**5/60 + i**4/24 - i**3/6 + 154*i**2 + 3. Calculate p(c).
18
Suppose 4*d = 3*d + 2. Let r be -1*d + (17 - 10). Let z(s) be the second derivative of s**3/6 - 4*s**2 - 397*s. Calculate z(r).
-3
Let b be 36/(-4) + (7 + 2)*(-3)/9. Let c(w) = w**3 + 12*w**2 - 6. What is c(b)?
-6
Let z(t) = -11*t - 254*t**2 - 2*t + 2 + 255*t**2 + 2*t. Let r(g) = -3*g**2 + 31*g - 7. Let j(a) = 4*r(a) + 11*z(a). Give j(6).
-24
Suppose 0 = 4*d - 14 + 46. Let l(u) = 16*u - u**2 - 15*u + 8*u**2 - 3*u - u**3 + 2*u**3 - 3*u. What is l(d)?
-24
Let g(k) = 2*k - 8. Suppose -y + 2*d = 3*y - 22, 0 = -2*y + 5*d - 1. Suppose 0 = -4*n - 4*q + 108, 5*q = -22 + 7. Suppose -y*r + 12 = -n. Calculate g(r).
4
Let t be (-186)/651 - (-4)/(-56)*-18. Let g(u) = -7*u**2 - u + 1. Give g(t).
-7
Let h(x) = -6*x + 8*x**2 - 3*x**2 - 3 - 6*x**2. Let b = -135 - -136. Let g be ((-2)/4)/(3/24) - b. Give h(g).
2
Let w(m) = -47*m - 80. Let d be w(-2). Let t(b) = b + 45. Give t(d).
59
Let t be 6/2*(-1188)/(-81). Let a(z) = 11 + t*z - 23*z - 25*z. Give a(8).
-21
Let j(c) = 22*c - 3. Let z(k) = 15*k - 2. Let i(n) = 5*j(n) - 7*z(n). Let m be 11 + (-7)/(35/80) + 7. Calculate i(m).
9
Suppose 2*x - 44 + 48 = 0. Let z(u) = u**2 + 4*u + 11. Let t(j) = 2*j**2 + 5*j + 13. Let a(l) = x*t(l) + 3*z(l). Give a(-3).
-8
Suppose -14*v - 75 - 77 + 180 = 0. Let h(y) be the first derivative of -v*y**3 + 3 + 1/4*y**4 + 0*y**2 + 2*y. Calculate h(6).
2
Let y be -14*(-2 - 18/(-12)). Let w(x) = 3*x - 5. Let s(u) = u + 4. Let z(b) = -3*s(b) - w(b). What is z(y)?
-49
Let v(r) be the third derivative of -r**5/60 + r**4/6 + 8*r**3/3 - 109*r**2 - 8*r. Let j(a) = 2*a - 9. Let i be j(8). What is v(i)?
-5
Let i(s) = 30*s - 180. Let r(v) = 9*v - 54. Let u(y) = -10*i(y) + 33*r(y). Determine u(4).
6
Let a(j) = 2*j**2 + 4247*j + 11. Let u(q) = -q**2 - 2549*q - 5. Let m(f) = -3*a(f) - 5*u(f). Let r = 15 - 11. What is m(r)?
-8
Let m(b) = b**3 + 6*b**2 - 8*b - 16. Suppose 119*w + 64 = -700 - 69. What is m(w)?
-9
Let h(y) = -y**2 - 3*y - 4. Let s(n) = 2*n**2 - 43*n + 17. Let r be ((7/2)/(4/(-8)))/(-1). Let f be (24/(-8))/((-1)/r). Let z be s(f). Determine h(z).
-8
Let a(h) = -4*h + 8. Let d(j) = -5 + 3 - 5*j + 6*j. Let y(p) = -6*a(p) - 26*d(p). Let x(m) = -m + 17. Let c be x(10). What is y(c)?
-10
Let q(v) be the third derivative of -v**4/24 - 31*v**3/3 + v**2 + 785. Calculate q(-26).
-36
Suppose -12 = -3*q + 6. Let x be ((-4)/q)/((-2)/15). Let c(m) be the first derivative of -m**3/3 + 5*m**2/2 - 3*m - 939. Determine c(x).
-3
Let a(c) = c**2 - 4*c + 6. Let z = -504 - -552. Suppose -73*h - z = -81*h. Determine a(h).
18
Let l(j) = j**3 - 9*j**2 + 23*j - 62. Let s be (-1 + 9/(-5))/((-136)/340). What is l(s)?
1
Let o(d) = -15*d + 1. Let p(r) = 52*r - 1. Let c be p(-2). Suppose 0 = f + 3*t + 90 + 29, 3*t + 223 = -2*f. Let g = c - f. Give o(g).
16
Let d(h) = 28*h - 1757. Let k be d(63). Let x(n) = n**3 - 8*n**2 + 8*n - 2. Calculate x(k).
5
Suppose 53*n - 75 = 38*n. Suppose -19 - 11 = -n*t. Let j(b) = -b**2 + 6*b + 2. Give j(t).
2
Let o(j) = j**2 + 3*j - 26. Let f = 89 + -96. Let w be o(f). Let z(i) = i**2 + 6*i + 2. Let c(u) = u**2 + 11*u + 3. Let t(k) = -3*c(k) + 5*z(k). Determine t(w).
3
Let c(f) = f + 21. Suppose 0 = -627*y + 622*y - 2*i - 58, 0 = 3*y + i + 36. Calculate c(y).
7
Let d(m) = -8*m - 24. Let i be (10 + 0)*(530/(-212) + 0 + 2). Determine d(i).
16
Let s = 5 + 5. Let w(d) = -159*d**2 - 15*d - 4. Let f(a) = 80*a**2 + 3*a + 1. Let l(q) = 2*f(q) + w(q). Calculate l(s).
8
Let t(g) = g**2 - 5*g. Let q(v) = v**2 - 37*v + 44. Suppose 0 = -19*i + 4*i + 360. Let b be q(i). Let d be (-6)/39 + b/(-52). Determine t(d).
0
Let d(m) = 85*m - 7054. Let b be d(83). Let f(c) = 16*c - 17. Give f(b).
-1
Let s(h) = -3*h - 18. Let y be s(-5). Let p be -56*3/2 + y. Let t = -77 - p. Let u(x) = -x**3 + 10*x**2 - x + 14. What is u(t)?
4
Let o(q) be the third derivative of 0 + 2/3*q**3 + 1/12*q**4 + 0*q - 66*q**2. Suppose 0 = 3*c - 3, 4 = s - c + 2. Determine o(s).
10
Let g(x) be the third derivative of x**6/120 + x**5/15 - 5*x**4/8 - 53*x**3/6 + 1075*x**2. Determine g(-3).
1
Let u(v) = v**3 + 7*v**2 + 5*v - 8. Let j be u(-6). Suppose i - 39 = -12*i. Let y(k) = -3*k + 2 - 9*k - i + 7*k. Give y(j).
9
Let x be (11 + (0 - 8))*(-12)/8*-2. Let q(a) be the first derivative of x - 1/2*a**2 + 3*a. Give q(7).
-4
Let j(g) = -g**2 - 9*g - 4. Suppose 26 = -2*b - r, b + 135 = 4*r + 104. Calculate j(b).
-94
Let q be (-3 - 3)*2/(-9)*-3. Let t be -2 - (q - (-1 + 0)). Let s(l) = 9*l**2 - 5*l - 6 + t - 8*l**2. Determine s(5).
-5
Let v(i) be the second derivative of -i**3/6 + 13*i**2/2 + 11557*i. What is v(2)?
11
Suppose -135 + 105 = -5*b. Let z(a) = -3*a + 38. Determine z(b).
20
Let w(b) = -84*b + 128. Let y(n) = -21*n + 30. Let f(